21 = 4. Let m(w) = 7*w + 4. Let j(x) = -21*x - 11. Let l(b) = -3*j(b) - 8*m(b). Determine l(r).
8
Suppose -104*d + 5*c + 24 = -108*d, 5*d + 2*c + 30 = 0. Let h(q) = -2 - q - q + q. What is h(d)?
4
Suppose 0 = -2*l - 4*t + 10, 0*l - 4*l = t - 13. Let y(r) = -21 + r + 23 - r - 2*r. Determine y(l).
-4
Let k(f) = -2*f**3 - 6*f**2 - 6*f - 7. Let y(u) = -3*u**3 - 11*u**2 - 10*u - 13. Let h(v) = -5*k(v) + 3*y(v). Give h(3).
-4
Let t(y) = -y**3 - 4*y**2 + 7*y + 6. Let u(l) = -17*l - 10 - 4*l**2 + 0*l**2 + 3*l**2 + 6*l. Let b be u(-10). Let z = b + -5. Calculate t(z).
-4
Let u(a) = -1 - 3 - 7 - 4*a + 1 - 4*a. Determine u(-4).
22
Let c = 39 + -32. Let m(q) = 3*q - 1. What is m(c)?
20
Let w(g) be the second derivative of g**4/24 - g**3/3 + 6*g**2 + 11*g. Let f(y) be the first derivative of w(y). Give f(4).
2
Let q(l) = -3*l + 7. Let b = -326 + 329. Determine q(b).
-2
Let s(h) = h**2 - 3*h - 4. Suppose 261*k = 259*k + 6. Determine s(k).
-4
Let x(r) = 5*r**3 + 2*r - 1. Let n be x(1). Suppose -1 = -5*y - 3*c, -2*c = n - 0. Let h(z) = -13 + 7*z - 11 + 21 - z**y. Calculate h(6).
3
Let a(q) = 5*q**2 + 2*q - 7. Let o(v) = -6*v**2 - 2*v + 7. Let f(k) = -5*a(k) - 4*o(k). What is f(-6)?
-17
Let v(r) = -3*r - 5. Suppose 0 = -22*u + 33*u - 99. What is v(u)?
-32
Let j be (-2)/(-3 + 129/45). Let r(i) = j - i + 13 - 36. Calculate r(-7).
-1
Let p = -29 + 37. Let a(o) = 6*o + 111*o**3 - 55*o**3 - p*o**2 - 55*o**3. What is a(7)?
-7
Let w be -3 + (1 - 0) + -4. Let b be (3 + -9)*(-3)/w. Let p(v) = 2*v + 4 - 3*v**3 + 4*v**2 + 4*v**3 + 0*v. Calculate p(b).
7
Let o(m) = -2*m**3 + 9*m**2 + 5*m - 7. Suppose -3 = -6*j + 15. Let l(r) = r**3 - 4*r**2 - 2*r + 3. Let g(d) = j*o(d) + 7*l(d). Calculate g(1).
1
Let y(i) = i**2 + 8*i + 4. Suppose 4 + 2 = -v. Let m be y(v). Let r be (m/6)/(7/(-21)). Let l(d) = d**2 - 5*d - 1. Give l(r).
-5
Let k(r) = 2 - r + 0*r - 3 + 0*r. Calculate k(-5).
4
Let h(b) = 12 + b**2 + 16 + 7*b + 15 - 32 - b. Calculate h(-5).
6
Let d(z) be the first derivative of z**3/3 - 3*z**2 - 6*z - 45. Give d(5).
-11
Let u(q) = -q**2 - q + 3. Let g be (-185)/(-15) + 1/(-3). Let v = 12 - g. Calculate u(v).
3
Let z(l) = 2*l**2 + 3*l + 2. Let t = 2084 + -2086. Give z(t).
4
Let h(z) = -59*z + 4 + 55*z + 1. Determine h(-8).
37
Let o(l) = 2*l**2 - 1. Suppose 4*i - 2*k = -4, -14 = -4*i + 2*i - 3*k. Calculate o(i).
1
Let s(f) = -133 - f - 4*f + 4*f + 127. Let y be (-12)/(-9) + 4/6. Suppose -y*l - 35 = -5*u, -4*u + 20 + 0 = 0. Calculate s(l).
-1
Let c(m) = -m + 8. Let r = -11 + 14. Let y be c(r). Let z(j) = -2 + 2 + 6*j - 3 - j**2 - 2. What is z(y)?
0
Let t(k) = k**2 - 3. Let d be t(-3). Let i(y) be the first derivative of -1/3*y**3 + 6*y + 2*y**2 - 19. Give i(d).
-6
Let k(s) be the second derivative of s**3/6 - 5*s**2/2 - s + 1. What is k(6)?
1
Let i(d) be the first derivative of -7*d**2/2 + d + 31. Let s(j) = -j + 11. Let m be s(10). Give i(m).
-6
Let t(g) = -g**3 + g + 1. Suppose -12*h + 17 = -10*h + 5*i, -5*i + 18 = 3*h. Calculate t(h).
1
Let b = 979 + -981. Let n(j) = -j**3 - j**2 + j - 1. Let s(g) = -6*g**3 - 7*g**2 + 3*g - 6. Let c(r) = -4*n(r) + s(r). What is c(b)?
4
Let c be 18/33 - 221/143. Let w(b) = -1 - 25*b**2 - 2 + 2. What is w(c)?
-26
Let y(m) = 0*m - 2*m + 3*m. Let q be y(3). Let a(h) = -h**2 - 8*h**q + 3*h**3 + 3 - 2. Give a(-1).
5
Let b be (22/(-3))/(((-4)/(-6))/(-1)). Let p(r) = r**2 - 7*r - 38. Let z be p(b). Let o(n) = n**2 - 6*n + 2. What is o(z)?
2
Let d = 42 - 36. Suppose v = -2 + d. Let r(k) = -k + 7. Give r(v).
3
Let a(v) = -8*v - 31. Let d(h) = -9*h - 35. Let w(p) = 7*a(p) - 6*d(p). Give w(3).
-13
Let c be ((-3)/5 - (-44)/(-10))/(-1). Suppose -c*q = 7*q. Let r(p) = -p**2 + p - 7. Determine r(q).
-7
Let n(o) be the second derivative of 3/2*o**2 - 2/3*o**3 + 1/12*o**4 + 4*o + 0. Determine n(5).
8
Let c(v) = -8*v + 30. Let u be c(3). Let h(q) = q**3 - 7*q**2 + 8*q - 9. Determine h(u).
3
Let o(v) = 2*v - 7. Let z be o(7). Let b(q) = 2*q + 13 - 30 + z. What is b(8)?
6
Let b(f) = -f**2 - 3*f - 2. Let z(t) = -t. Let s = 6 + -7. Let x(a) = -4*a - 5. Let v(g) = s*x(g) + 3*z(g). Let w be v(-10). What is b(w)?
-12
Suppose -3*c - 6 = -18. Let q = 5 - c. Let y(m) = -32 + 63 - 3*m**3 + 3*m**2 + 0*m**3 - 2*m**2 - 32. Determine y(q).
-3
Let i(h) = -h + 1. Let x(v) = v**2 - 2*v - 2. Let r(u) = 2*i(u) + x(u). Suppose 0 = -4*l - g + 3, 3*l + l + 5*g + 17 = 0. Give r(l).
-4
Let z(w) = -w - 3. Let t(l) = -l**3 + 5*l**2 + 3*l + 12. Let j be t(6). Let n(d) = d**3 + 7*d**2 + 7*d - 1. Let u be n(j). Determine z(u).
4
Let m(j) = -2*j**3 + 40*j**2 + j - 21. Let s be m(20). Let d(b) = -b**2 + b - 1. Calculate d(s).
-3
Let x = 7 - 12. Let p(w) = 5*w + 10. Let j(a) = -6*a - 12. Let o(i) = -3*j(i) - 4*p(i). What is o(x)?
6
Let x(c) = 5*c + 12. Let j(b) = 6*b + 13. Let l(z) = 4*j(z) - 5*x(z). Give l(4).
-12
Let c(q) be the first derivative of -3*q**2/2 + 3*q + 40. Give c(7).
-18
Let m(i) be the second derivative of i**3/6 + i**2 + 865*i. Suppose d + 10 = -d. Determine m(d).
-3
Let k(n) = 26*n + 26. Let f be k(-1). Let g(s) = s**2 - s - 18. Determine g(f).
-18
Let g(t) be the first derivative of t**6/180 + t**5/60 - t**4/12 + 14*t**3/3 - 12. Let u(w) be the third derivative of g(w). Determine u(2).
10
Suppose d + 5*g = -13, 4*d + 5 = -g + 10. Suppose -v + 3*q = 5*q, 0 = d*q. Let c(a) = a**2 - 16. What is c(v)?
-16
Let k(t) = -4*t - 1. Suppose 0 = -4*f - 0 - 12. Let p be (12/(-9))/(-2)*f. What is k(p)?
7
Let l(i) = -5*i**3 + 2*i**2 - 2*i + 1. Let a be 5/(5/2) - -1. Suppose -v - a + 4 = 0. What is l(v)?
-4
Let k be 9/(2 + -2 + -1). Let j = k + 6. Let t(x) = -3*x**3 + 8*x**2 - 6*x + 12. Let u(f) = f**3 - 3*f**2 + 2*f - 4. Let p(n) = 6*t(n) + 17*u(n). What is p(j)?
10
Let t be ((-8)/10)/(4/20). Let p(i) = 14 + 10 - 49 - 3*i + 11 + 10. Give p(t).
8
Suppose 5*y = 16*y + 77. Let o(g) = -g**3 - 5*g**2 + 13*g - 7. Determine o(y).
0
Let w be -10*(-2)/(-4)*-1. Let c = w - 2. Suppose 16 = 4*b - 4*f, 2*b + 2*f + c = -1. Let i(y) = 4*y + 1. Determine i(b).
5
Let w(u) = 11*u - 5*u + 2 + 2*u - 7*u. Let k be 6 + -3 + -5 - -10. What is w(k)?
10
Let u(a) = -2*a**2 - 2*a + 4. Suppose -16*z - 21 = -23*z. Let f(q) = q**2 + q - 4. Let r(i) = z*f(i) + 2*u(i). What is r(0)?
-4
Suppose -2 = 4*a + 3*o - 18, -5 = 3*a - 2*o. Let m(c) be the first derivative of 7*c**2/2 - 4350. Calculate m(a).
7
Let u(m) = -m - 4. Let l(n) = n - 4. Suppose 0 = -o - 3*o - 3*x + 3, -9 = -o + 2*x. Let d(f) = -f + 3. Let w be d(o). Let z be l(w). Determine u(z).
0
Let h(t) = -5*t**2 + 5*t + 19. Let q(v) = 17*v**2 - 18*v - 56. Let g(k) = 7*h(k) + 2*q(k). Calculate g(0).
21
Let r(c) = 97*c**3 + 13*c**2 + 13*c - 12. Let t(a) = -83*a**3 - 12*a**2 - 11*a + 10. Let k(p) = -6*r(p) - 7*t(p). Let d = 16 - 10. Determine k(d).
-4
Let k(t) = 5*t**2 + 16*t - 12. Let q(g) = 2*g**2 + 6*g - 4. Let v(f) = 3*k(f) - 8*q(f). What is v(-3)?
-13
Let g(l) = l**3 + 8*l**2 + l + 7. Suppose -8*q + 3 = -5. Suppose -5*m = -3*f + q, 3*m - m = -10. Determine g(f).
-1
Let v(a) be the third derivative of -a**6/120 + a**5/12 - a**4/4 + a**3/2 - 791*a**2. Let u(s) = 2*s - 4. Let g be u(4). Determine v(g).
-5
Suppose 103 - 35 = 4*j. Let k = j + -3. Suppose -10 + k = f. Let v(z) = z**3 - 3*z**2 - 3*z. Calculate v(f).
4
Let m(c) = 3*c + 0*c**2 + 3 + 1 + 3*c**2 - 2*c**2. Calculate m(-3).
4
Let h = -46 - -68. Let m = h - 24. Let b(c) = c + 1. What is b(m)?
-1
Let w(o) = o**2 + 7*o + 2. Suppose 41*a = 48*a + 56. Determine w(a).
10
Let z be ((-9)/(-1) - 14)/(-1 - 0). Let j(g) = g**3 - 4*g**2 - 5*g - 6. What is j(z)?
-6
Let p(k) = k**2 - 8*k - 5. Let f(l) = -l**2 + 9*l + 4. Let j(b) = 5*f(b) + 6*p(b). Give j(-5).
30
Let d be 9/6 + 3/(-6). Let g be 10/(-8)*d*12. Let q(k) = -k**3 - 14*k**2 + 16*k + 14. Let z be q(g). Let o(b) = -3*b**2 - 1. What is o(z)?
-4
Let x(n) = -25*n + 7*n + 16 - 8 - 16 - n**2. What is x(-16)?
24
Let t(k) = 8*k**3 - k**2 - k - 5. Let x(u) = -9*u**3 + u**2 + u + 4. Let z be ((-2)/6)/((-2)/30). Let y(j) = z*t(j) + 6*x(j). Give y(1).
-13
Suppose 0 = 3*s - 18 + 9. Let j be s/(-2)*2/(-3). Let u(b) = -14*b**3 + b**2 - b. Give u(j).
-14
Let p(n) be the second derivative of n**4/12 - 3*n**3/2 + 3*n**2 - 33*n. Suppose 0 = 4*z - z - 24. Calculate p(z).
-2
Let k(c) = c**3 - 7*c**2 + 3*c - 6. Let n be 378/27*(-2)/(-4). Determine k(n).
15
Let x(i) be the second d